(y).
-6
Let i = -1 - -3. Suppose -i*d - 23 = -27. Suppose 2 = 3*m + 5*y, 5*y = -d*m + 4*m + 7. Let t(c) = -10*c**2 + 1. Calculate t(m).
-9
Let g be (-24)/(-10) + (-36)/90. Let x(c) = -125*c - 6 + 243*c + 4*c**g + c**3 - 127*c. Determine x(-6).
-24
Let o(h) = -h**2 - 5*h + 263. Let v(r) = 1520*r + 7614. Let i be v(-5). What is o(i)?
-3
Let y(f) = -3*f**3 + 39*f**2 + 18*f - 234. Let d be y(13). Let x(i) = 19*i + 2. Give x(d).
2
Let m(d) = 15*d + 1. Let x(g) = 11*g. Let q(u) = -u - 11. Let z be q(-14). Let l(s) = z*x(s) - 2*m(s). Determine l(4).
10
Let i be (4/(-6))/(11/33*-1). Let j(l) be the first derivative of -2*l**3/3 + l**2/2 + l - 11. Determine j(i).
-5
Let o(q) be the first derivative of -q**4/4 + 7*q**3/3 - 5*q**2/2 + 15*q + 3399. Determine o(8).
-89
Let b(i) = 7*i + 136. Let m be b(-19). Suppose 34 = 2*p + 4*h, -4*p + h = m*h - 44. Let d(y) = y**2 - 14*y + 9. What is d(p)?
-36
Suppose 18*d = -23*d - 16*d + 285. Let l(u) = -2*u**3 - 7 + 4*u**3 - u**3 - u - 4*u**2. Give l(d).
13
Let c(o) = -2*o**2 - 10*o**2 - o**3 + o**2 + 8*o - 5*o**2 + 11*o**2 + 15. Give c(-6).
3
Let v(s) = s**3 + 14*s**2 + 47*s - 7. Let n be v(-7). Let j(r) = -r**3 + 6*r**2 + 8*r - 10. Give j(n).
-3
Let w(c) = -5*c - 3*c**3 + 1710627*c**2 - 4 - 1710628*c**2 - 6. Give w(-2).
20
Let g(u) = 428*u - 4671. Let t be g(11). Let q(h) = -h**3 + 39*h**2 - 76*h + 66. Determine q(t).
-8
Let t(d) = -221*d - 13. Let s(l) = -101*l - 6. Let a(j) = -11*s(j) + 5*t(j). Let m = 5 - 5. Suppose 0 = -m*g + g - 1. What is a(g)?
7
Suppose 16*f = 8*f + 4*f, 2*a = -4*f + 8. Let j(q) = q**2 + q - 27. Give j(a).
-7
Let b(d) = 8*d + 13*d + 14*d - 2 - 52*d + 19*d. Let t = -6 + 14. Suppose t - 2 = 3*k. Give b(k).
2
Suppose -5*h - 10 = 3*t, h + t + 4 = -h. Let q be (0 - (0 - -3)) + h. Let i(g) = -46*g - 45*g + 139*g + 7 - 49*g. Determine i(q).
12
Let v(o) be the first derivative of -5*o**2/2 + 5*o - 21113. Let d(t) = t**2 - 4*t + 4. Let w be d(4). Calculate v(w).
-15
Let v(t) = -6*t**3 - 2*t**2 + 18*t - 109. Let m(j) = j**3 - 3*j + 18. Let h(y) = -13*m(y) - 2*v(y). Determine h(4).
-4
Let b(p) = -p**3 + 5*p**2 - 4*p + 7. Let n(q) = -q**3 + 7*q**2 - 4*q + 30. Let i be n(7). Suppose 4*u = -5*h + 20, -i*h + 4 = 2*u - 6. What is b(u)?
-13
Let d(m) = -m**3 - 2*m**2 + 3*m + 7. Let t = 7403 - 7406. Give d(t).
7
Let l(w) be the second derivative of w**4/12 - 2*w**3/3 - w**2 - 131*w + 2. Determine l(4).
-2
Let z = 74 - 98. Let y be 2 - ((-8)/10 - z/5). Let j(m) be the first derivative of m**2 + 3*m + 8. What is j(y)?
-1
Let f(c) be the third derivative of c**8/1680 - c**6/720 + 65*c**4/12 + 78*c**2 + c. Let i(x) be the second derivative of f(x). Give i(1).
3
Let f(n) = 53*n**3 + 109*n**2 - 55*n + 161. Let z(k) = -5*k**3 - 10*k**2 + 5*k - 15. Let g(c) = 3*f(c) + 32*z(c). Let w be ((-6)/4)/(1/(-2)). Determine g(w).
24
Let q be 6*4/42 + (-516)/(-28). Suppose 0 = -12*h + 17 + q. Let o(r) = -2*r**2 + 6*r - 7. What is o(h)?
-7
Let k(j) = 2*j**3 - 3*j**2 - 3*j - 1. Let h be 1/(-2*(-4)/8)*0. Suppose h = -3*b - b - v + 7, -2*b + 5 = v. Suppose -19 + b = -6*p. Calculate k(p).
17
Let s(z) = -1001*z**2 + 1002*z**2 + z + 0*z - 7. Suppose -745 + 770 = -5*k. Calculate s(k).
13
Let t(c) be the second derivative of c**4/12 - 5*c**3/3 - 5*c**2 - 9*c - 108. What is t(-4)?
46
Suppose -4 = -d - 1. Suppose 2*q + 6*c = 4*c + 12, c = d. Let n(x) = 3*x**q - 2*x**2 - 2*x**3 - 175 + 176. What is n(3)?
10
Suppose 0 = 5*c + 2 + 8. Suppose 0 = 3*n + 2*n + 2*f - 28, n = -3*f + 16. Let h(y) = y**3 - 7 - 5 + 4*y**2 + 0 + 15 + n*y. Calculate h(c).
3
Suppose -4*n + 2*n = 2*y - 40, 5*y + 10 = 0. Let i(q) = -n - q**3 + 106520*q**2 - 2*q - 106503*q**2 + 4*q. Determine i(17).
12
Let q(p) = p - 1. Suppose -332*u = 958 + 1698. Determine q(u).
-9
Suppose -459*h - 4*w - 4 = -458*h, -5*h + w + 148 = 0. Let n(s) = -3*s**3 + 85*s**2 - 29*s + 22. Determine n(h).
-6
Let b(i) = 0*i + i**3 - i + 2*i**2 - 2 - 6*i**2. Suppose -16*x + 0*x - x = 0. Suppose 9 = v + y, x = -3*v + 2*y + 11 - 9. Calculate b(v).
-6
Let q(r) be the third derivative of -r**4/2 + 70*r**3/3 + 242*r**2. What is q(13)?
-16
Let c(g) = -g**3 + 7*g**2 + 8*g + 7. Suppose -p = 0, 2*h - 4*p + 8*p - 42 = 0. Let d = -14 + h. Let m be (d/(35/16))/(4/10). What is c(m)?
7
Let h(k) = 2*k**3 - 17*k**2 - 15*k + 19. Let r(m) = m**3 - 8*m**2 - 7*m + 9. Let a(o) = -4*h(o) + 9*r(o). Let j = 16108 - 16104. Determine a(j).
-7
Let v(x) = -x**2 + 2*x + 2. Let s be 1*(250/20)/((-1)/(-2)). Suppose -s*l = 17*l - 126. Give v(l).
-1
Let u(k) = -9*k - 39. Let a(z) = -2*z**2 - 71*z - 591. Let y be a(-13). What is u(y)?
15
Let f(n) = n**3 - 2*n**2 + n + 1. Let z(a) = a**3 + 13*a**2 - 4*a - 7. Let j be z(-13). Let u = j + -43. Give f(u).
3
Let y(g) = g**2 - 6*g - 43. Let m be y(-4). Let l(t) = -25 + t + 17 + 13. Determine l(m).
2
Let o be (-48)/(-12) + (-2 - (4 + 0)). Let i be ((o - 1)*(-10)/3)/(-2). Let r be -1 + i - (2 + -3). Let h(m) = m**2 + 3*m - 5. Give h(r).
5
Let h(q) = -q**3 - 90*q**2 - 197*q - 1857. Let w be h(-88). Let t(b) be the third derivative of b**4/24 + 2*b**3 + 3*b**2. What is t(w)?
3
Let t(m) be the first derivative of 2*m**3/3 + 11*m**2 - 22*m + 6073. Give t(-11).
-22
Let d(k) = k**2 - 7*k + 5. Suppose 83 = 29*u - 28*u. Suppose 73*q + 50 = u*q. What is d(q)?
-5
Let b = -599 - -598. Let w(n) = 8*n**2 - 104 + 3*n**2 + 103 - 2*n. Calculate w(b).
12
Let g = 268 - 265. Let b(u) = 561*u**2 - 559*u**2 + 3 - u - g*u**3 + 2*u**3. Calculate b(3).
-9
Let u = 9 - 6. Suppose 3*j = -u*a - 2 - 4, 0 = -2*a - 10. Suppose -3*m + 2*y - 14 = 0, 2*m - j*m + 2*y = 2. Let q(l) = 2*l + 8. Determine q(m).
-4
Let h(m) = 13*m + 103*m**2 - 38*m**2 - 35*m**2 - 4 - 31*m**2. Determine h(13).
-4
Let u(m) = -8 - 5 - 3*m**2 + 16 - 4*m. Let p(w) = w**2 + 2*w - 2. Let n = 6 - 11. Let z(s) = n*p(s) - 3*u(s). What is z(-1)?
3
Suppose 202 = -8*o + 154. Let a(x) = -x**3 - 7*x**2 - 5*x + 8. Determine a(o).
2
Let s(g) = -g**3 - 5*g**2 + g - 1. Let r(b) = 121*b - 8231. Let v be r(68). What is s(v)?
-22
Suppose u - 4*w = -2*w - 3, -32 = 4*u + 2*w. Let r(s) = -5 + 9*s - 7*s - 19*s**3 + 18*s**3 - 7*s**2. Calculate r(u).
-19
Let g(i) = 6*i**2 - 3 + 139*i - 5*i**2 - 44*i - 48*i - 44*i. Determine g(-11).
85
Let h(i) = 2*i**3 - i**2 + 3*i + 2. Let y be h(0). Let v(d) = 0*d**2 + 4*d - 2*d**2 + 7*d**y - 4*d**2 + 1. Let p be (-6)/3 - (-2 - -5). Determine v(p).
6
Let w(n) = n**2 - 2*n - 1. Let m(y) = -7*y**2 + 11*y + 8. Let s(l) = m(l) + 5*w(l). Let d(o) = 7*o**2 - 12*o - 14. Let p(b) = d(b) + 3*s(b). Determine p(10).
5
Let s(h) = 0 - 15 + 102 + 10 + 9*h. Determine s(-11).
-2
Suppose -12*i - 18 = -18*i. Suppose 7*l = i*l + 12. Let w(z) = -5*z - 2 + 2*z**3 + z - 1 - 3*z**l - 4*z**2. Give w(-4).
13
Let w(b) be the third derivative of -b**4/24 + b**3 + b**2. Suppose -2*t = 2*c - 10, 0 = 2*t - t - 5*c + 25. Let r be t + (0 - 2) + 8. What is w(r)?
0
Let j(c) = c**3 + 14*c**2 - 8*c - 3. Let p(b) = -b**2 - 18*b + 688. Let m be p(19). What is j(m)?
-108
Let r(t) = -t**2 + 1 + 2 + 2*t - 6. Suppose -45*k - 5*g - 28 = -49*k, g = k - 7. Suppose 0 = 22*o + k*o - 58. What is r(o)?
-3
Let y be 36 - 1 - (-6 + 3). Let l be (y/(-8))/(2/16). Let g = 44 + l. Let o(x) = -x + 10. What is o(g)?
4
Let n(b) be the third derivative of b**5/60 - 5*b**4/24 + 3*b**3/2 + 68*b**2. Let t(s) = -2*s**2 + 11*s - 16. Let a(l) = -7*n(l) - 4*t(l). Determine a(6).
-17
Suppose -55 = -3*y + 2*s - 7, -3*s + 48 = 3*y. Suppose 0 = -2*g - 2, 3*z - 3*g - y = g. Let l(c) = c**3 - 4*c**2 - 5*c + 3. Give l(z).
-17
Let x(m) be the first derivative of 71*m**2/2 - 361*m - 1155. Calculate x(5).
-6
Let n = -68 - -69. Suppose 0 = -5*r + 24 + n. Let q(t) = 2 - r + 2*t - 3 + 0. What is q(-5)?
-16
Suppose -657*x + 528*x = -774. Let d(g) = -g**3 - 6*g**2 + 74*g - 5. Give d(x).
7
Let j(w) = -285*w + 115. Let b(o) = 615*o - 231. Let s(t) = 6*b(t) + 13*j(t). Determine s(6).
19
Let l(j) = 13*j + 60. Let r(f) = -25*f - 127. Let m(g) = 9*l(g) + 4*r(g). Give m(-3).
-19
Suppose -7*h - 9*h = 160. Let f be (105/h)/(-7)*(-48)/(-18). Let p(v) = v**2 - 2*v + 2. What is p(f)?
10
Suppose -j + 10 = 3*p, 7 = j + 6. Suppose 5*g - 15 = 3*v, v + p*v + g = -20. Let x(a) = -a - 2. Give x(v).
3
Let a(c) be the third derivative of c**6/120 - c**5/30 + c**4/24 + c**3/3 - 2*c**2. Let y(o) = -o**3 - 6*o**2 - 10*o - 5. Let m be y(-4).